{"id":1244,"date":"2023-12-14T22:10:56","date_gmt":"2023-12-14T22:10:56","guid":{"rendered":"https:\/\/chokliarepas.com\/?post_type=product&#038;p=1244"},"modified":"2025-11-25T03:33:31","modified_gmt":"2025-11-25T03:33:31","slug":"envuelto-de-mazorca","status":"publish","type":"product","link":"https:\/\/chokliarepas.com\/index.php\/product\/envuelto-de-mazorca\/","title":{"rendered":"Envuelto de Mazorca (x5)"},"content":{"rendered":"<p><span>(5 unidades) Experimenta la esencia del ma\u00edz con nuestro Envuelto de Mazorca. Cada mordisco revela la aut\u00e9ntica tradici\u00f3n colombiana, donde la mazorca se convierte en una deliciosa obra de arte culinaria. \u00a1Descubre el sabor aut\u00e9ntico de Chokliarepas en cada envuelto! \ud83c\udf3d\ud83c\udde8\ud83c\uddf4<\/span><\/p>\n","protected":false},"excerpt":{"rendered":"<p><span>Pack x 5 unidades. Experimenta la esencia del ma\u00edz con nuestro Envuelto de Mazorca. Cada mordisco revela la aut\u00e9ntica tradici\u00f3n colombiana, donde la mazorca se convierte en una deliciosa obra de arte culinaria.<\/span><\/p>\n","protected":false},"featured_media":1326,"comment_status":"open","ping_status":"closed","template":"","meta":{"om_disable_all_campaigns":false,"_monsterinsights_skip_tracking":false,"_monsterinsights_sitenote_active":false,"_monsterinsights_sitenote_note":"","_monsterinsights_sitenote_category":0,"_joinchat":[]},"product_cat":[56],"product_tag":[],"aioseo_notices":[],"_links":{"self":[{"href":"https:\/\/chokliarepas.com\/index.php\/wp-json\/wp\/v2\/product\/1244"}],"collection":[{"href":"https:\/\/chokliarepas.com\/index.php\/wp-json\/wp\/v2\/product"}],"about":[{"href":"https:\/\/chokliarepas.com\/index.php\/wp-json\/wp\/v2\/types\/product"}],"replies":[{"embeddable":true,"href":"https:\/\/chokliarepas.com\/index.php\/wp-json\/wp\/v2\/comments?post=1244"}],"wp:featuredmedia":[{"embeddable":true,"href":"https:\/\/chokliarepas.com\/index.php\/wp-json\/wp\/v2\/media\/1326"}],"wp:attachment":[{"href":"https:\/\/chokliarepas.com\/index.php\/wp-json\/wp\/v2\/media?parent=1244"}],"wp:term":[{"taxonomy":"product_cat","embeddable":true,"href":"https:\/\/chokliarepas.com\/index.php\/wp-json\/wp\/v2\/product_cat?post=1244"},{"taxonomy":"product_tag","embeddable":true,"href":"https:\/\/chokliarepas.com\/index.php\/wp-json\/wp\/v2\/product_tag?post=1244"}],"curies":[{"name":"wp","href":"https:\/\/api.w.org\/{rel}","templated":true}]}}